What is the remainder when 1 + (2 - -8*2) is divided by n(15)?
8
Suppose -11*p - 84 = -832. Calculate the remainder when p is divided by 5.
3
Let i(g) be the first derivative of 6*g**2 - 6*g - 5. Calculate the remainder when 89 is divided by i(3).
29
Let m = 11 + -12. Suppose -4*o - 310 = -5*p, 5*o = 2*p + 62 - 186. Calculate the remainder when p is divided by 25 + m + (-5 - -2)*1.
20
Let i(g) = -11*g - 2. Suppose -1232 - 111 = -17*d. What is the remainder when d is divided by i(-2)?
19
Let f(v) = 2*v**3 + 20*v**2 + 14*v - 6. What is the remainder when 268 is divided by f(-9)?
28
Let o(r) = -r**3 - 3*r**2 + 5. Suppose 0 = 21*m - 1522 - 179. What is the remainder when m is divided by o(-4)?
18
Let u(x) = x**2 + 18*x + 25. Let n be u(-19). Let i = n + -40. Calculate the remainder when 13 is divided by i.
1
Suppose 28 = 2*q - 2*w - 4, -2*w - 95 = -5*q. Let r = 241 + -223. Calculate the remainder when r is divided by 47/7 - (-6)/q.
4
Suppose -37*i = m - 33*i - 11, 70 = 4*m + 3*i. What is the remainder when 284 is divided by m?
18
Let t = -2254 + 2732. What is the remainder when t is divided by 44?
38
Let t = 245 + -116. Suppose g + 3*s - t = -2*g, 3*s = 4*g - 144. Calculate the remainder when g is divided by 7.
4
What is the remainder when (-105)/126 - 293/(-6) is divided by 13?
9
Let k be 1 + 2 + 1 + 6. Suppose -2*z = 3*z - k. Suppose 3*f = -5*b - 2*f + 175, -z*b + 4*f = -94. What is the remainder when b is divided by 10?
9
Let b be 0*(7/(-2) - -4). Suppose b = 6*a + 59 - 269. Calculate the remainder when a is divided by 18.
17
Let u = -920 + 1621. Suppose 7*y + 260 = u. What is the remainder when y is divided by 22?
19
Suppose -4*q + 0*v + 2*v = -10, -3*q - 2*v + 11 = 0. Let p = -7 - -6. Calculate the remainder when 6 - (q + 6*p) is divided by 5.
4
Let c be (24/10)/((-2)/(-10)). Suppose 2*t = 46 + c. Let m(j) = 13*j**2 - 2*j. What is the remainder when t is divided by m(-1)?
14
Suppose 4*j - 94 + 11 = -z, 0 = 3*z + 15. Calculate the remainder when 41 is divided by j.
19
Calculate the remainder when (-6 - -3 - -1171) + 7 is divided by 38.
35
Let u = 646 + -551. What is the remainder when u is divided by 26?
17
Let w = 455 - 409. What is the remainder when 89 is divided by w?
43
What is the remainder when ((-7)/2)/(8/(-112)) is divided by 13?
10
Suppose -62 - 74 = 4*t. Let z(u) = -34*u - 1. Let w be z(2). Let l = t - w. Calculate the remainder when l is divided by 13.
9
Let z be (-2)/(20/15) + 2/(-4). Calculate the remainder when ((-31)/z)/(18/8 - 2) is divided by 32.
30
Let h = 596 - 353. What is the remainder when h is divided by 26?
9
Let v = -48 + 16. What is the remainder when 70/(0 + -2)*v/20 is divided by 19?
18
Let i be (-380)/(-19)*((-37)/2)/(-1). Suppose -43*c + 48*c = i. What is the remainder when c is divided by 38?
36
Calculate the remainder when 183 is divided by 727/9 - 280/(-1260).
21
Let v = -10 + 25. Suppose 18*y - 23*y = -v. Suppose 4*w - 84 = 2*f, -2*w + y + 33 = 2*f. Calculate the remainder when w is divided by 12.
8
Let a(q) = q + 20. What is the remainder when 64 is divided by a(-5)?
4
Let r(f) = f**3 - 2*f**2 - 4*f + 70. Calculate the remainder when 136 is divided by r(0).
66
Suppose 27*f + 5*h + 209 = 31*f, -2*f + 2*h + 102 = 0. Calculate the remainder when f is divided by 26.
20
Suppose o - 20 - 8 = j, 4*o + j - 87 = 0. What is the remainder when 54 is divided by o?
8
Let w(c) = -c**3 - 9*c**2 + 25*c - 23. Suppose -h + 3*u = -19, 4*h + 4 = 2*u + 110. What is the remainder when w(-12) is divided by h?
25
Suppose 0 = -7*b - 4*b + 759. Suppose -4*j = 4*s - 64, 4*s + 21 = -3*j + 67. Calculate the remainder when b is divided by j.
15
Let v = 393 - 264. Calculate the remainder when v is divided by 33.
30
Let u = 357 + -663. Let c = -100 - u. Suppose 5*z = -t + 140 + 117, 0 = -4*z - t + c. Calculate the remainder when z is divided by 26.
25
Let y be (13 - 16) + (-10)/2. What is the remainder when (-238)/y + ((-20)/5)/(-16) is divided by 17?
13
Let h(x) = -3*x + 8. Let d be h(4). Let g be (0 + 2)*d/(-8). Let j = 7 - g. What is the remainder when 11 is divided by j?
5
Let r be (6/1)/2 + -13. Let y = r - -17. Calculate the remainder when 32 is divided by y.
4
Let p(k) = k**3 - k**2 + 12. Let x = 4 + -4. Let a be p(x). What is the remainder when (6/a)/(1/100) is divided by 13?
11
Suppose -5*u + 10*u - 25 = 0. Suppose 3*y = u*h - 123, 0 = 5*y - 0*y - 20. Calculate the remainder when 79 is divided by h.
25
Let j(f) = -f**3 - 7*f**2 - 8*f - 7. Let r be j(-6). Suppose r*z + 7*t = 2*t + 350, 0 = -3*t + 9. Calculate the remainder when z is divided by 23.
21
Suppose 18*t - 22*t = 12. Let p be t*80/15*-1. Suppose 3*s - 4 + 16 = 0, -3*i + s = -p. What is the remainder when 25 is divided by i?
1
Let l(r) = -r**3 - 2*r**2 - 6*r - 39. What is the remainder when l(-6) is divided by 74?
67
Suppose 38*y + 445 = 5*l + 43*y, l - 4*y - 109 = 0. What is the remainder when 268 is divided by l?
82
Let k be (-4*1)/(7 + -9). Suppose -k*i - 2*i = -132. What is the remainder when i is divided by 11 + 2/1*-1?
6
Let x = 4 + -11. Let s = x - -11. Suppose s*p - 16 = -4*i, 0*p + 31 = 4*p + i. What is the remainder when 15 is divided by p?
6
Let i be 4/(-14) - (-115)/35. Suppose -2*w = i*w - 95. Suppose 0*t = t + 3*q - 1, -5*q + 5 = 2*t. Calculate the remainder when w is divided by t.
9
Suppose -3*p + 5*p - 4*c = 4, -p - 3*c + 12 = 0. Calculate the remainder when p is divided by (0 - -7) + (-210)/105.
1
Let i = 472 + -337. Suppose -132 + 47 = -5*p. Calculate the remainder when i is divided by p.
16
Let j = 182 + -166. What is the remainder when 31 is divided by j?
15
Suppose 3*v - 16 = -4*n, v + 8*n - 14 = 11*n. Calculate the remainder when 76 is divided by v.
4
Let s(x) = -10*x - 15. Calculate the remainder when s(-15) is divided by 46.
43
Suppose 2*p - 3 = -2*g + 1, 4*g = 3*p - 27. Calculate the remainder when 22 is divided by p.
2
Suppose -4*c - 8 = 0, 2*t - 3*c = 6*t - 130. Suppose -540 = 3*z - 5*z. Calculate the remainder when z is divided by t.
32
Suppose 0 = -4*m + 3*d - 12, d = -m - d + 8. Suppose m = 21*i - 16*i - 445. What is the remainder when i is divided by 5?
4
Suppose 3*w - 397 = -376. Calculate the remainder when 72 is divided by w.
2
Let j = -3 + 9. Suppose -4*b = -3*b + 8. Let g(n) = n + 17. What is the remainder when g(b) is divided by j?
3
Let s be (-40 + 4)*(-3)/(-6). Let x = 32 + s. Calculate the remainder when x is divided by 8.
6
Let x(g) = -55*g**3 + 4*g**2 - 3*g - 8. Calculate the remainder when x(-1) is divided by (8/(-6))/(2/(-30)).
14
Let h = -45 + 49. Suppose -h*p + 123 = 2*f - 7*f, -4*p = -2*f - 126. What is the remainder when 61 is divided by p?
29
Let r(u) = 15*u**2 - u**3 + 1 - 2*u - 16*u**2 + 0*u. Let d be r(-2). Let n(i) = i**2 - 7*i + 11. Calculate the remainder when n(d) is divided by 15.
14
Suppose -141*g = -137*g - 244. Suppose o + p + 0*p = 10, 0 = -2*p + 4. Let u = o - -8. Calculate the remainder when g is divided by u.
13
Suppose 159 = 2*h + h + 2*s, -5*h - 4*s = -263. What is the remainder when h is divided by 7?
6
Let f = -101 - -109. Suppose f*d = 92 + 84. What is the remainder when d is divided by 3?
1
Let o(t) = 7*t - 6. Calculate the remainder when 84*-2*4/(-8) is divided by o(5).
26
Let f(b) = b**2 + b - 1. Let h be f(-2). Suppose -4 = -j - h. Calculate the remainder when j is divided by 2*-1*(-10)/10.
1
Let d = 97 + -96. Let q(k) = -8*k**3 + k + 1. Let h be q(-1). Calculate the remainder when h/6*(-3)/(-2) is divided by d.
0
Suppose -12*k + 703 + 677 = 0. What is the remainder when k is divided by 61?
54
Let c = -3 + 16. Suppose 10 = 2*b - 3*m, 4*b + m = 5*b - 3. Let d = c - b. Calculate the remainder when d is divided by 8.
6
Let k = 388 + -348. What is the remainder when 153 is divided by k?
33
What is the remainder when 23 + (-33)/44*4 is divided by 15?
5
Let z = 233 - 125. Calculate the remainder when z is divided by 1*(-2 - -36) + (-92)/(-23).
32
Suppose -38 = -2*z - 6. What is the remainder when z is divided by 9?
7
Let g(h) be the second derivative of -h**5/20 - h**4/2 + 3*h**3 + 19*h**2/2 + 17*h. Calculate the remainder when 9 is divided by g(-8).
0
Suppose 551 - 122 = 13*d. Let s = d + 8. Calculate the remainder when s is divided by 22.
19
Suppose 0 = 19*j - 0*j - 608. What is the remainder when j i